 - 5*y + 4*y = -9. Suppose -5*u + q*a + 2808 = 0, -2*a + 6*a = -2*u + 1118. List the prime factors of u.
3, 11, 17
Suppose 2 = -9*i + 7*i. Let g be ((2 - -1) + -3)/i. Suppose 3*j - 165 = -3*w, -3*j - 85 = -2*w - g*j. List the prime factors of w.
2, 5
Let s(o) = -8*o - 10*o - 250 - 43*o - o - 192. List the prime factors of s(-13).
2, 7, 13
List the prime factors of (2/(-5))/((-16)/64000).
2, 5
Let b = 803 + 16273. List the prime factors of b.
2, 3, 1423
Let r = 183 + 1652. What are the prime factors of r?
5, 367
Suppose 11*h + 2742 = 8363. Let f = -109 + h. List the prime factors of f.
2, 3, 67
Suppose -29*i + 4*i - i + 671528 = 0. What are the prime factors of i?
2, 11, 587
Let s(x) = 145*x + 193. List the prime factors of s(13).
2, 1039
Let y be (-1 + -9)*(-2)/5. Let z be 1/5 - 2*(-10152)/80. Suppose -3*m + y*m = -d + z, 5*d = 20. What are the prime factors of m?
2, 5
Suppose -2*a = -t - 4, -a = 2*a + 2*t + 1. Let d = 89 - 48. Let m = a + d. What are the prime factors of m?
2, 3, 7
Let i = 20291 - 11364. List the prime factors of i.
79, 113
Suppose 9*s = 7*s + 2. Let q(x) = -5*x + 3. Let b be q(s). List the prime factors of (b - 5)*-3*(-30)/(-35).
2, 3
Let b = -20 - -8. Let c(j) be the first derivative of -j**2 + 15*j - 17. List the prime factors of c(b).
3, 13
Suppose -75547 = -13*w - 36626 + 76077. List the prime factors of w.
2, 4423
Let o(c) = -368*c + 2740. What are the prime factors of o(-59)?
2, 6113
Let y be 3*-1 + (2 - 4) + 14. Suppose -y*f = -35*f + 14482. What are the prime factors of f?
557
Let j(b) = 2*b + 1. Let z(h) = 3*h**2 - 20*h + 4. Let t(i) = -6*j(i) + z(i). List the prime factors of t(-11).
23, 31
Suppose 3*o + 3*b = -201, -o - 57 = -4*b - 0*b. What are the prime factors of (o/3)/(298/30 - 10)?
5, 13
Let g(x) = 20*x**3 + 5*x**2 + 47*x + 6. What are the prime factors of g(9)?
2, 3, 7, 367
Suppose 148122 = 55*o - 92*o + 76*o. List the prime factors of o.
2, 3, 211
Let v = 19379 - 11429. List the prime factors of v.
2, 3, 5, 53
Let q = -4550 - -21223. What are the prime factors of q?
16673
Suppose -231*v + 2893730 = -97*v. What are the prime factors of v?
5, 7, 617
Suppose -z = -3*y + 2342, -3*y - 3*z = z - 2362. Let i = y - 242. List the prime factors of i.
2, 3, 5
Suppose -15 = -3*u - 3, p = 5*u + 6840. What are the prime factors of p?
2, 5, 7
Let i(o) = -o**2 - 5*o - 1. Let m be i(-4). What are the prime factors of ((-4)/(-4))/(m/3585)?
5, 239
Let t = -1672 - -2585. Let o = 515 + t. List the prime factors of o.
2, 3, 7, 17
Let y = 171 - 162. Suppose y*v - 5474 = -8*v. What are the prime factors of v?
2, 7, 23
Suppose -4*n - 3*n = -245. Suppose -4*o - n = 5*u - 15, 4*u - 10 = 2*o. Suppose 3*q + 5*w - 225 = 0, -2*q - 5*w + 135 + 10 = u. What are the prime factors of q?
2, 5
Let h(x) = -15*x**3 + 13*x**2 + 90*x + 1366. What are the prime factors of h(-12)?
2, 101, 139
Let w = -21950 + 57769. What are the prime factors of w?
7, 17, 43
Suppose -7 = 31*h - 69. Suppose -5*s = 2*p - 1080, 42*s + h*p = 38*s + 862. List the prime factors of s.
2, 109
Let r(j) = -48*j + 89. Let q = -131 + 113. What are the prime factors of r(q)?
953
Suppose -36*h + 28879 = -12629. What are the prime factors of h?
1153
Let f = -35385 - -108280. List the prime factors of f.
5, 61, 239
Let c(t) = 2 + 6*t + 11 - 10. Let s be c(-1). List the prime factors of s/((2/30)/(1/(-3))).
3, 5
Let b be 1174*(-6)/(-16) - (-41)/(-164). What are the prime factors of b/16*48/15?
2, 11
Let y(t) = 7722*t**2 - 2287*t. What are the prime factors of y(3)?
3, 20879
Suppose -u = z - 0 + 2, 4*z - u = -3. What are the prime factors of ((-3 - z) + 1528/(-12))*-3?
2, 97
Let a(d) = 2*d**2 - 6*d + 43. Let t be a(-13). Suppose 0 = -56*h + 55*h + t. What are the prime factors of h?
3, 17
Let b = 18 - 16. Let a be (3 - 2)*(-38)/b. Let v = 23 - a. List the prime factors of v.
2, 3, 7
Let u be 0/1 - 15 - -3. Let n = u - 35. What are the prime factors of (-2)/5 + n/(-5)?
3
Let s(f) = -3802*f + 1063. List the prime factors of s(-7).
13, 2129
Let l = 7916 - 1073. What are the prime factors of l?
3, 2281
Let s be (-42)/(-105) + 2/(-5). Let g be ((-292)/(-12) + s)/((-2)/(-6)). What are the prime factors of (-2 + g - -1) + -1?
71
Suppose 0 = -14*o + 4*o - 130. Let a(h) = -9*h + 107. What are the prime factors of a(o)?
2, 7
Let x(p) = 5*p - 36. Let g be x(8). Suppose 71*k - g = 73*k. List the prime factors of ((-3)/k - -1)/(2/4).
5
Suppose 10*k + 5960 = 18*k. Suppose f + 4*i = 134, -3*f + k = 2*f + 5*i. What are the prime factors of f?
2, 7, 11
Let c be (2/3)/(44/198). Suppose 0 = h - 2*b - 24 + 63, 0 = -5*h - c*b - 130. Let z = h + 59. List the prime factors of z.
2, 3, 5
Let y(j) = 8*j**2 - 11*j - 8. Let g = -157 - -168. Let c be y(g). Suppose 0 = -17*m - c + 2658. What are the prime factors of m?
107
Suppose -j = -5*j + j. Suppose 3*y - 90 + 30 = j. What are the prime factors of y?
2, 5
Let w(f) = 5*f**2 + 7. Let s be w(-5). List the prime factors of ((-98)/(-3))/(22/s).
2, 7
Let s be 1/(4/18820*5). Let a = s + -247. List the prime factors of a.
2, 347
Let c = 158 + -95. Suppose 15*x + c - 18 = 0. List the prime factors of (-3)/2*428/x.
2, 107
Let s(f) = 19*f**2 + 4*f + 5. Let d be s(-6). Let m = 928 - d. What are the prime factors of m?
263
Suppose 31*d - 3*l = 34*d - 20187, 4*l = 12. What are the prime factors of d?
2, 3, 19, 59
Suppose 5*h = 6*v - 9587 - 2604, v = 2*h + 2026. List the prime factors of v.
2, 509
Let k(q) = -9*q - 311. Let y be k(-35). Suppose -3*v - 2*c + 2699 = 0, 2*v = 6*v + y*c - 3604. What are the prime factors of v?
3, 13, 23
Let t = 254 + -68. Let g(p) = -t*p**2 + 5*p - 11*p + 194*p**2 - 7. What are the prime factors of g(-4)?
5, 29
Let k = 3853 - 3377. What are the prime factors of k?
2, 7, 17
Let y(g) = -3*g**3 + 64*g**2 - 20*g + 6. What are the prime factors of y(16)?
2, 31, 61
Let i(s) = 32*s - 5. Let o be i(2). Suppose o*t - 13020 = 47*t. List the prime factors of t.
5, 7, 31
Let a = 89043 + -60109. What are the prime factors of a?
2, 17, 23, 37
Let g = -423 - -1024. Suppose -g = -10*v + 6319. List the prime factors of v.
2, 173
Suppose -5 = -5*v, 5*o + 4*v - 3013 = v. Let g = -276 + o. What are the prime factors of g?
2, 163
Suppose 7513 = -4*i + 3*a + 2522, 0 = -i + 3*a - 1241. Let g = -389 - i. What are the prime factors of g?
3, 7, 41
Suppose -2*u = r + 2*r - 44, 0 = -2*u + 8. Let x be (-2)/r*327*(-4)/2. Suppose -1067 - x = -6*f. List the prime factors of f.
2, 7
Suppose -2*n + 3580 = -5008. Suppose -n + 19617 = 11*a. What are the prime factors of a?
7, 199
List the prime factors of ((-86)/731 + (-141)/102 + 1)*-4246.
11, 193
Let c(k) be the third derivative of 1/24*k**4 + 233/6*k**3 + 0*k - 10*k**2 + 0. List the prime factors of c(0).
233
Let z(r) = r**2 + 6*r + 178. What are the prime factors of z(123)?
5, 3209
Let l(c) = -c**3 - 63*c**2 - 35*c + 100. What are the prime factors of l(-68)?
2, 5
Suppose -4*i - 2*v + 4298 = 0, -5*v = 55*i - 60*i + 5335. List the prime factors of i.
2, 67
Suppose -w - 26 = -f - 5*w, f - 3*w = 61. Suppose 502*y - 501*y - f = 0. List the prime factors of y.
2, 23
Let z(f) = -3730*f**2 - 24*f + 12. Let g be z(8). List the prime factors of (g/(-36))/5 + 4/(-18).
1327
Suppose 11*d + 2239 = -2458. Let o = -112 - d. Suppose -x = 2*s - 140, -x - o = -3*x + 3*s. List the prime factors of x.
2, 3, 5
Let k = -62 + 134. Suppose -k*l + 68*l = -624. What are the prime factors of l?
2, 3, 13
Let o = 345 - -3656. List the prime factors of o.
4001
Suppose 3*b - o - 4*o - 21 = 0, -5*o - 15 = 0. Suppose 0 = -6*h + b*h + 12. Suppose -65 = -h*v + 28. What are the prime factors of v?
31
Suppose 23*y - 251812 = 403997 + 35295. What are the prime factors of y?
2, 3, 313
What are the prime factors of 2*(-18)/(252/(-77021))?
11003
Let z(t) = -t**2 + 12*t - 28. Let k be z(5). Suppose k*w = 11*w - 1544. List the prime factors of w.
2, 193
Let b(r) = r**2 + 16*r + 49. Let w be b(-11). Let n = 96 - w. List the prime factors of n.
2, 3, 17
Let i(w) = 24*w**3 - 2*w**2 - 8*w - 10. Let v be i(-6). What are the prime factors of v*(-2)/10 - (-9)/(-15)?
7, 149
Let c(b) = 7*b - 8. Let v = -64 + 86. Suppose 0 = 5*y - 6*y + 3*m - 2, 3*y - 2*m - v = 0. What are the prime factors of c(y)?
2, 31
Suppose 0*n = 4*n, 5*p - 2*n = 2050. Suppose i - p = -117. List the